 be (7/(-70)*155)/(2/(-16)). Suppose -p - 4*y = -n, -y + 3 = -2. Calculate the highest common factor of p and 234.
26
Let r be (-100)/(-125)*(369 - (-2 + 1)). Let m be r*-1*-1 - -1. Suppose -4*a = 2*v - 0*a - 50, 2*v = 4*a + 58. Calculate the greatest common factor of m and v.
27
Let d(z) = -2*z**2 + 18*z + 64. Let k be d(-2). Calculate the highest common factor of k and 4160.
20
Let a(q) = -q**2 + 35*q - 76. Let n(d) = d**3 + 11*d**2 + 3*d - 39. Let s be n(-10). Let k be a(s). Calculate the highest common factor of 144 and k.
48
Suppose -3*t = 6*f - 2*f - 13, -f = 4*t. Let b be 0 + (5 + 615 - t). What is the highest common factor of 27 and b?
27
Suppose -4*r + 94 = 2*i + 70, 5*i - 105 = 5*r. Calculate the highest common factor of 1701 and i.
9
Suppose 0 = 5*s - 267 + 82. Suppose -606 + 3719 = 11*h. Let a be 8*1 + (h - -5). What is the highest common factor of a and s?
37
Let c(y) = 2*y**3 + 0*y**3 - 23 + 28*y - y**3 - 24*y**2 + 2*y**2. Let p be c(21). Calculate the highest common factor of p and 31.
31
Let u(v) = 40*v**3 + 15*v**2 + 5*v + 5. Let l be u(-2). Let i = 575 + l. What is the highest common divisor of i and 10?
10
Let b(s) be the first derivative of s**3/3 - 3*s**2/2 + 5*s + 74. Let d be b(8). Calculate the greatest common factor of d and 90.
45
Let r be 89520/12 - -5*(-104)/65. What is the greatest common factor of r and 184?
92
Suppose 0 = 16*j + 5 - 37. Let l(q) = q**2 + 9*q - 14. Let p be l(j). What is the highest common divisor of p and 328?
8
Suppose -85*j = -13244 - 100402 + 4166. Calculate the highest common divisor of j and 161.
161
Suppose 0 = -w, 2*w + 636 = 3*i + w. Suppose -7*z - 65 = -i. What is the greatest common factor of 231 and z?
21
Let z = 164 + -162. Let q be z*30/140 + 277/7. What is the greatest common divisor of 60 and q?
20
Suppose -1140 = -763*q + 748*q. Calculate the greatest common divisor of q and 13623.
19
Let r be ((-20)/(-70))/(1/7). Suppose 2*m + z = 93, 0 = 2*m + 2*z - 0 - 94. Calculate the greatest common divisor of r and m.
2
Suppose -4*m + 5*p + 157 = 0, -2*m = 75*p - 78*p - 75. What is the greatest common divisor of 2292 and m?
12
Let t(o) = -7*o**2 - 13*o + 19. Let f be t(0). What is the highest common divisor of 2 and f?
1
Let a(n) = n**2 + 30*n + 77. Let u be a(-22). Let p = 101 + u. What is the highest common divisor of p and 16?
2
Let q(a) = -85*a + 932. Let s be q(-76). Calculate the highest common divisor of s and 231.
231
Let y = 212 - 180. Suppose -u = 5*g - 3*g + 249, -2*g - 3*u = 243. Let h = -46 - g. What is the greatest common divisor of y and h?
16
Suppose -56*i + 51*i - 2*c = -3724, 2976 = 4*i + 2*c. Calculate the highest common divisor of 4675 and i.
187
Let c = 4977 - 4964. Let k(r) be the first derivative of r**3/3 - r**2 + 5*r - 2. Let y be k(-9). What is the highest common divisor of c and y?
13
Let l = 25 - -11. Suppose -18 = -3*h, 2*h + 313 = 5*p - 95. Calculate the highest common factor of l and p.
12
Suppose 45*p = 53*p - 504. Suppose -479 = -3*v + 505. Suppose 3*k + 4*b + 13 = v, 0 = 5*b. Calculate the highest common divisor of p and k.
21
Let z be 12 - ((-6)/(-8) - (-126)/(-72)). Suppose -5*h + 4*t + 1645 = 0, -2*t + 435 + 530 = 3*h. Calculate the highest common factor of h and z.
13
Suppose -5*j + 13 = 63. Let d(m) = -m - 2. Let k(u) = -u**2 - 9*u - 17. Let p(l) = 4*d(l) + k(l). Let w be p(j). What is the highest common divisor of 20 and w?
5
Let o be (-17 + 30/5)*1*2. Let i be (o/(-6))/((-8)/(-2712)). Calculate the highest common factor of i and 113.
113
Suppose 4*u + 4 = m, -m + 3*m - 5*u = 5. Suppose -5*y = -5*t + 255, -y + m*y + 5 = 0. Suppose -t = -3*b + 19. What is the highest common divisor of 175 and b?
25
Let l(n) = 8*n**3 + 3*n**2 - 2*n + 1. Let z be l(2). Let i be (-38)/(-209) - ((-187822)/198 - (-10)/(-45)). What is the highest common divisor of z and i?
73
Suppose -22*d + 27*d = l - 135, 4*l - 665 = -5*d. What is the highest common factor of l and 9120?
160
Suppose 4*l - 27 = k - 4, -4*k - 1 = -3*l. Suppose 116 - 102 = l*w. Calculate the greatest common divisor of w and 3.
1
Suppose 133*l - w - 2192 = 128*l, -2*w = 2*l - 872. What is the highest common factor of l and 165?
3
Suppose 44*j - 89300 = -20792. Calculate the highest common divisor of j and 346.
173
Suppose 0 = 6*b - 161 - 367. Calculate the greatest common factor of b and 8360.
88
Let r(w) be the first derivative of w**4/4 - 17*w**3/3 + 21*w**2 + 24*w - 47. Let v be r(14). Calculate the highest common factor of v and 24.
24
Let x(c) = -480*c - 3330. Let q be x(-7). Let y be ((-105)/(-14))/(2/12). Calculate the highest common divisor of q and y.
15
Suppose -5*v = -4*h + 747, -5*v - 13*h + 14*h - 753 = 0. Let k = v - -305. Calculate the greatest common factor of k and 42.
14
Let h be 14 + 1/((-1)/2). Let q be -3*(4 + 100/(-6)). Let b = q + -8. What is the highest common factor of h and b?
6
Let d(g) = g**3 + 8*g**2 - 3*g - 12. Let o be d(-8). Let r be 2352/15 - (-12)/(-15). What is the highest common factor of r and o?
12
Suppose -55*y = -4*h - 53*y, -h - 5*y + 33 = 0. What is the highest common factor of 921 and h?
3
Suppose -37*b = -26*b - 1320. Suppose 2*x + 29 = -5*m + 221, 0 = 5*m + x - 196. What is the highest common divisor of b and m?
40
Let c = 36703 - 36697. Suppose 0 = -5*y + 4*h + 356, -5*y + 367 = h + 6. Calculate the greatest common factor of c and y.
6
Suppose -5*b + 26154 = -390*j + 391*j, -4*b = -20. What is the highest common factor of j and 29?
29
Let i(g) = g**3 - 72*g**2 + 5*g + 300. Let t be i(72). Calculate the greatest common divisor of 2805 and t.
165
Suppose -3*s + 43848 = -3*v, 2*s + 3*v - 30807 = -1580. Calculate the highest common factor of s and 370.
185
Let p = 203 + -165. Let b = p + -15. Calculate the greatest common divisor of 46 and b.
23
Suppose -2*p + 106 = -p. Let m be (-2 + 4)*((-888)/(-16) - -24). Calculate the highest common divisor of p and m.
53
Let f be 7/2 - (-1)/2. Suppose -f*z - 545 + 1889 = 0. Suppose -503 - 1 = -12*i. Calculate the highest common factor of z and i.
42
Suppose n + 5*y - 2270 = 0, 3*n + 2*n + 8*y = 11418. Calculate the greatest common divisor of n and 10.
10
Let w be ((-4)/(-6))/(2/24). Let c(a) = 3*a**2 - 2*a - 1. Let h be c(w). Calculate the highest common divisor of h and 7.
7
Suppose -w + 79 = -5*y + 30, 0 = w - y - 69. What is the highest common factor of w and 5254?
74
Let j = -317 - -321. Calculate the greatest common factor of 2312 and j.
4
Let i = -14 + 10. Let g be 44/(-8)*(0 + i). Suppose 0 = 2437*m - 2460*m + 46. Calculate the highest common divisor of m and g.
2
Let y(q) be the first derivative of -q**4/4 - 3*q**3 - 21*q**2/2 + 5*q - 68. Let c be y(-5). What is the greatest common factor of 230 and c?
10
Suppose 1455 - 1468 = -q - w, -2*w + 29 = 3*q. Suppose 0 = s - 4*s + 87. Let d = s + -20. What is the highest common factor of d and q?
3
Suppose 5*d - 1296 = -3*o, -8*o - 1757 = -12*o + 3*d. Suppose -24 - 7 = -2*z - 5*x, 75 = 3*z - 2*x. What is the greatest common factor of o and z?
23
Suppose -z = -6*z + 495. Suppose 5*f + z = 5*q + 7*f, 5*q - 4*f - 117 = 0. Calculate the highest common factor of 203 and q.
7
Let g(u) = u**3 + 8*u**2 + 5*u + 4. Let z be g(-4). Suppose -2*l + 396 = 3*i, 296*i - 298*i = -l + 240. Calculate the greatest common divisor of z and l.
24
Let w = -25 + -9. Let b = w + 47. Suppose 0 = 5*q + 4*i - 77, 2*q - 32 = 8*i - 10*i. What is the highest common divisor of q and b?
13
Let h = -49 + 292. Let j = h - 103. Suppose -35*b = v - 31*b - 20, b = -5*v + 100. Calculate the greatest common factor of v and j.
20
Let f be ((-2 - -2) + -2)*(-17 - 39). Suppose 3*p - p - f = -k, 3*k - 56 = -p. Calculate the greatest common divisor of p and 238.
14
Let q be 2/7 - 766/(-14). Let c be (-2940)/(-315) + 13/(-3). Calculate the greatest common divisor of c and q.
5
Suppose 4*k = -k + 110. Suppose 4*g - k = 6. Suppose -3*w - g*w + 250 = 0. Calculate the greatest common divisor of w and 75.
25
Let i = -28510 + 28525. What is the highest common divisor of 7 and i?
1
Let n = 29970 - 28188. Calculate the greatest common factor of n and 1458.
162
Let p(h) = 256*h - 888. Let b be p(4). Calculate the greatest common factor of 1938 and b.
34
Let v = 3030 + -2880. Suppose 0 = -2*y - 16 + 116. Calculate the highest comm